{"id":304,"date":"2024-08-22T21:13:37","date_gmt":"2024-08-22T21:13:37","guid":{"rendered":"http:\/\/w3.svv.or.at\/?page_id=304"},"modified":"2024-08-22T21:13:37","modified_gmt":"2024-08-22T21:13:37","slug":"dsgvo","status":"publish","type":"page","link":"https:\/\/w3.svv.or.at\/?page_id=304","title":{"rendered":"DSGVO"},"content":{"rendered":"\n<p>Die Nutzung der Website des Schwimmveein V\u00f6cklabruck ist im wesentlichen ohne die Angabe personenbezogener Daten m\u00f6glich. Wenn wie im Falle des Kontaktformulars Daten wie Name, Firma, Email-Adresse eingegeben werden, erfolgt dies freiwillig durch den Benutzer. Diese Daten werden nicht an Dritte weitergegben.<\/p>\n\n\n\n<p>Wir weisen darauf hin, dass die Daten\u00fcbertragung im Internet (z.B. bei der Kommunikation per E-Mail) Sicherheitsl\u00fccken aufweisen kann. Ein l\u00fcckenloser Schutz der Daten vor dem Zugriff durch Dritte ist nicht m\u00f6glich.<\/p>\n\n\n\n<h3 class=\"wp-block-heading\">Haftungsausschuss<\/h3>\n\n\n\n<p>Unsere Internetpr\u00e4senz verwendet externe Links. Auf den Inhalt und die Speicherung von Daten der externen Webseiten haben wir keinen Einfluss und \u00fcbernehmen daf\u00fcr keine Gew\u00e4hr.<\/p>\n\n\n\n<p>Sollten fremde Inhalte gegen geltendes Recht versto\u00dfen, ist uns dies nicht bekannt. Bei Benachrichtigung l\u00f6schen wir den betreffenden Link schnellstm\u00f6glich.<\/p>\n\n\n\n<h3 class=\"wp-block-heading\">Speicherung von Daten in Server-Logfiles<\/h3>\n\n\n\n<p>In den Logfiles werden Zugriffe wie allgemein \u00fcblich \u00fcblich, n\u00e4mlich IP-Adresse des Besuchers, Datum, Uhrzeit, besuchte Seite, Datenmenge gespeichert.<\/p>\n\n\n\n<h3 class=\"wp-block-heading\">Cookies<\/h3>\n\n\n\n<p>Die Internetseiten verwenden teilweise so genannte Cookies. Cookies richten auf Ihrem Rechner keinen Schaden an und enthalten keine Viren. Cookies dienen dazu, unser Angebot nutzerfreundlicher, effektiver und sicherer zu machen. Cookies sind kleine Textdateien, die auf Ihrem Rechner abgelegt werden und die Ihr Browser speichert.<\/p>\n\n\n\n<p>Die meisten der von uns verwendeten Cookies sind so genannte \u201eSession-Cookies\u201c. Sie werden nach Ende Ihres Besuchs automatisch gel\u00f6scht. Andere Cookies bleiben auf Ihrem Endger\u00e4t gespeichert, bis Sie diese l\u00f6schen. Diese Cookies erm\u00f6glichen es uns, Ihren Browser beim n\u00e4chsten Besuch wiederzuerkennen.<\/p>\n\n\n\n<p>Sie k\u00f6nnen Ihren Browser so einstellen, dass Sie \u00fcber das Setzen von Cookies informiert werden und Cookies nur im Einzelfall erlauben, die Annahme von Cookies f\u00fcr bestimmte F\u00e4lle oder generell ausschlie\u00dfen sowie das automatische L\u00f6schen der Cookies beim Schlie\u00dfen des Browser aktivieren. Bei der Deaktivierung von Cookies kann die Funktionalit\u00e4t dieser Website eingeschr\u00e4nkt sein.<\/p>\n","protected":false},"excerpt":{"rendered":"<p>Die Nutzung der Website des Schwimmveein V\u00f6cklabruck ist im wesentlichen ohne die Angabe personenbezogener Daten m\u00f6glich. Wenn wie im Falle des Kontaktformulars Daten wie Name, Firma, Email-Adresse eingegeben werden, erfolgt dies freiwillig durch den Benutzer. Diese Daten werden nicht an Dritte weitergegben. Wir weisen darauf hin, dass die Daten\u00fcbertragung im Internet (z.B. bei der Kommunikation [&hellip;]<\/p>\n","protected":false},"author":1,"featured_media":0,"parent":0,"menu_order":0,"comment_status":"closed","ping_status":"closed","template":"","meta":{"footnotes":""},"class_list":["post-304","page","type-page","status-publish","hentry"],"_links":{"self":[{"href":"https:\/\/w3.svv.or.at\/index.php?rest_route=\/wp\/v2\/pages\/304"}],"collection":[{"href":"https:\/\/w3.svv.or.at\/index.php?rest_route=\/wp\/v2\/pages"}],"about":[{"href":"https:\/\/w3.svv.or.at\/index.php?rest_route=\/wp\/v2\/types\/page"}],"author":[{"embeddable":true,"href":"https:\/\/w3.svv.or.at\/index.php?rest_route=\/wp\/v2\/users\/1"}],"replies":[{"embeddable":true,"href":"https:\/\/w3.svv.or.at\/index.php?rest_route=%2Fwp%2Fv2%2Fcomments&post=304"}],"version-history":[{"count":1,"href":"https:\/\/w3.svv.or.at\/index.php?rest_route=\/wp\/v2\/pages\/304\/revisions"}],"predecessor-version":[{"id":305,"href":"https:\/\/w3.svv.or.at\/index.php?rest_route=\/wp\/v2\/pages\/304\/revisions\/305"}],"wp:attachment":[{"href":"https:\/\/w3.svv.or.at\/index.php?rest_route=%2Fwp%2Fv2%2Fmedia&parent=304"}],"curies":[{"name":"wp","href":"https:\/\/api.w.org\/{rel}","templated":true}]}}