{"id":35,"date":"2024-08-22T13:53:12","date_gmt":"2024-08-22T13:53:12","guid":{"rendered":"http:\/\/w3.svv.or.at\/?page_id=35"},"modified":"2025-02-24T12:04:54","modified_gmt":"2025-02-24T12:04:54","slug":"trainer-und-vorstand","status":"publish","type":"page","link":"https:\/\/w3.svv.or.at\/?page_id=35","title":{"rendered":"Vorstand &amp; Trainer"},"content":{"rendered":"\n<h2 class=\"wp-block-heading\"><strong>Der Vereinsvorstand<\/strong><\/h2>\n\n\n\n<p>Der Vorstand des Schwimmvereins V\u00f6cklabruck setzt sich aus engagierten Mitgliedern zusammen, die mit Herzblut und organisatorischem Geschick die Weichen f\u00fcr eine erfolgreiche Vereinsarbeit stellen. Sie k\u00fcmmern sich um die Planung von Veranstaltungen, die Organisation des Trainingsbetriebs und die Vertretung des Vereins nach au\u00dfen.<\/p>\n\n\n\n<p><em><strong>under construction<\/strong><\/em><\/p>\n\n\n\n<h2 class=\"wp-block-heading\"><strong>Unser Trainerteam<\/strong><\/h2>\n\n\n\n<p>Unser erfahrenes und engagiertes Trainerteam begleitet unsere Mitglieder auf ihrem Weg, egal ob sie gerade erst schwimmen lernen oder f\u00fcr Wettk\u00e4mpfe trainieren. Mit individuell angepassten Trainingspl\u00e4nen und moderner Methodik sorgen unsere Trainer f\u00fcr optimale Fortschritte und nachhaltigen Erfolg.<\/p>\n\n\n\n<p><em><strong>under construction<\/strong><\/em><\/p>\n\n\n\n<h3 class=\"wp-block-heading\"><\/h3>\n\n\n\n<div class=\"wp-block-group\"><div class=\"wp-block-group__inner-container is-layout-constrained wp-block-group-is-layout-constrained\"><\/div><\/div>\n\n\n\n<p><\/p>\n","protected":false},"excerpt":{"rendered":"<p>Der Vereinsvorstand Der Vorstand des Schwimmvereins V\u00f6cklabruck setzt sich aus engagierten Mitgliedern zusammen, die mit Herzblut und organisatorischem Geschick die Weichen f\u00fcr eine erfolgreiche Vereinsarbeit stellen. Sie k\u00fcmmern sich um die Planung von Veranstaltungen, die Organisation des Trainingsbetriebs und die Vertretung des Vereins nach au\u00dfen. under construction Unser Trainerteam Unser erfahrenes und engagiertes Trainerteam begleitet [&hellip;]<\/p>\n","protected":false},"author":1,"featured_media":153,"parent":0,"menu_order":0,"comment_status":"closed","ping_status":"closed","template":"","meta":{"footnotes":""},"class_list":["post-35","page","type-page","status-publish","has-post-thumbnail","hentry"],"_links":{"self":[{"href":"https:\/\/w3.svv.or.at\/index.php?rest_route=\/wp\/v2\/pages\/35"}],"collection":[{"href":"https:\/\/w3.svv.or.at\/index.php?rest_route=\/wp\/v2\/pages"}],"about":[{"href":"https:\/\/w3.svv.or.at\/index.php?rest_route=\/wp\/v2\/types\/page"}],"author":[{"embeddable":true,"href":"https:\/\/w3.svv.or.at\/index.php?rest_route=\/wp\/v2\/users\/1"}],"replies":[{"embeddable":true,"href":"https:\/\/w3.svv.or.at\/index.php?rest_route=%2Fwp%2Fv2%2Fcomments&post=35"}],"version-history":[{"count":4,"href":"https:\/\/w3.svv.or.at\/index.php?rest_route=\/wp\/v2\/pages\/35\/revisions"}],"predecessor-version":[{"id":1047,"href":"https:\/\/w3.svv.or.at\/index.php?rest_route=\/wp\/v2\/pages\/35\/revisions\/1047"}],"wp:featuredmedia":[{"embeddable":true,"href":"https:\/\/w3.svv.or.at\/index.php?rest_route=\/wp\/v2\/media\/153"}],"wp:attachment":[{"href":"https:\/\/w3.svv.or.at\/index.php?rest_route=%2Fwp%2Fv2%2Fmedia&parent=35"}],"curies":[{"name":"wp","href":"https:\/\/api.w.org\/{rel}","templated":true}]}}