{"id":676,"date":"2024-09-27T07:36:08","date_gmt":"2024-09-27T07:36:08","guid":{"rendered":"http:\/\/w3.svv.or.at\/?page_id=676"},"modified":"2026-04-20T18:07:27","modified_gmt":"2026-04-20T18:07:27","slug":"stadtmeisterschaften","status":"publish","type":"page","link":"https:\/\/w3.svv.or.at\/?page_id=676","title":{"rendered":"Stadtmeisterschaften"},"content":{"rendered":"\n<figure class=\"wp-block-gallery has-nested-images columns-default is-cropped wp-block-gallery-1 is-layout-flex wp-block-gallery-is-layout-flex\">\n<figure class=\"wp-block-image size-large\"><img loading=\"lazy\" decoding=\"async\" width=\"1024\" height=\"768\" data-id=\"1004\" src=\"https:\/\/w3.svv.or.at\/wp-content\/uploads\/2025\/02\/SM2023_StadtmeisterVB-1024x768.jpg\" alt=\"\" class=\"wp-image-1004\" srcset=\"https:\/\/w3.svv.or.at\/wp-content\/uploads\/2025\/02\/SM2023_StadtmeisterVB-1024x768.jpg 1024w, https:\/\/w3.svv.or.at\/wp-content\/uploads\/2025\/02\/SM2023_StadtmeisterVB-300x225.jpg 300w, https:\/\/w3.svv.or.at\/wp-content\/uploads\/2025\/02\/SM2023_StadtmeisterVB-768x576.jpg 768w, https:\/\/w3.svv.or.at\/wp-content\/uploads\/2025\/02\/SM2023_StadtmeisterVB-1536x1152.jpg 1536w, https:\/\/w3.svv.or.at\/wp-content\/uploads\/2025\/02\/SM2023_StadtmeisterVB.jpg 2000w\" sizes=\"(max-width: 1024px) 100vw, 1024px\" \/><\/figure>\n\n\n\n<figure class=\"wp-block-image size-large\"><img loading=\"lazy\" decoding=\"async\" width=\"1024\" height=\"768\" data-id=\"1005\" src=\"https:\/\/w3.svv.or.at\/wp-content\/uploads\/2025\/02\/stadtmeisterschaften_Start-1024x768.jpg\" alt=\"\" class=\"wp-image-1005\" srcset=\"https:\/\/w3.svv.or.at\/wp-content\/uploads\/2025\/02\/stadtmeisterschaften_Start-1024x768.jpg 1024w, https:\/\/w3.svv.or.at\/wp-content\/uploads\/2025\/02\/stadtmeisterschaften_Start-300x225.jpg 300w, https:\/\/w3.svv.or.at\/wp-content\/uploads\/2025\/02\/stadtmeisterschaften_Start-768x576.jpg 768w, https:\/\/w3.svv.or.at\/wp-content\/uploads\/2025\/02\/stadtmeisterschaften_Start-1536x1151.jpg 1536w, https:\/\/w3.svv.or.at\/wp-content\/uploads\/2025\/02\/stadtmeisterschaften_Start.jpg 1889w\" sizes=\"(max-width: 1024px) 100vw, 1024px\" \/><\/figure>\n\n\n\n<figure class=\"wp-block-image size-large\"><img loading=\"lazy\" decoding=\"async\" width=\"1024\" height=\"768\" data-id=\"1003\" src=\"https:\/\/w3.svv.or.at\/wp-content\/uploads\/2025\/02\/SM2023_UnifiedStaffel-1024x768.jpg\" alt=\"\" class=\"wp-image-1003\" srcset=\"https:\/\/w3.svv.or.at\/wp-content\/uploads\/2025\/02\/SM2023_UnifiedStaffel-1024x768.jpg 1024w, https:\/\/w3.svv.or.at\/wp-content\/uploads\/2025\/02\/SM2023_UnifiedStaffel-300x225.jpg 300w, https:\/\/w3.svv.or.at\/wp-content\/uploads\/2025\/02\/SM2023_UnifiedStaffel-768x576.jpg 768w, https:\/\/w3.svv.or.at\/wp-content\/uploads\/2025\/02\/SM2023_UnifiedStaffel-1536x1152.jpg 1536w, https:\/\/w3.svv.or.at\/wp-content\/uploads\/2025\/02\/SM2023_UnifiedStaffel.jpg 2000w\" sizes=\"(max-width: 1024px) 100vw, 1024px\" \/><\/figure>\n\n\n\n<figure class=\"wp-block-image size-large\"><img loading=\"lazy\" decoding=\"async\" width=\"1024\" height=\"551\" data-id=\"766\" src=\"https:\/\/w3.svv.or.at\/wp-content\/uploads\/2025\/01\/stadtmeisterschaften2024_gruppe-scaled-e1738675928327-1024x551.jpg\" alt=\"\" class=\"wp-image-766\" srcset=\"https:\/\/w3.svv.or.at\/wp-content\/uploads\/2025\/01\/stadtmeisterschaften2024_gruppe-scaled-e1738675928327-1024x551.jpg 1024w, https:\/\/w3.svv.or.at\/wp-content\/uploads\/2025\/01\/stadtmeisterschaften2024_gruppe-scaled-e1738675928327-300x161.jpg 300w, https:\/\/w3.svv.or.at\/wp-content\/uploads\/2025\/01\/stadtmeisterschaften2024_gruppe-scaled-e1738675928327-768x413.jpg 768w, https:\/\/w3.svv.or.at\/wp-content\/uploads\/2025\/01\/stadtmeisterschaften2024_gruppe-scaled-e1738675928327-1536x827.jpg 1536w, https:\/\/w3.svv.or.at\/wp-content\/uploads\/2025\/01\/stadtmeisterschaften2024_gruppe-scaled-e1738675928327-2048x1102.jpg 2048w\" sizes=\"(max-width: 1024px) 100vw, 1024px\" \/><\/figure>\n\n\n\n<figure class=\"wp-block-image size-large\"><img loading=\"lazy\" decoding=\"async\" width=\"1024\" height=\"768\" data-id=\"1006\" src=\"https:\/\/w3.svv.or.at\/wp-content\/uploads\/2025\/02\/stadtmeisterschaften_ank_2023_1_43-1024x768.jpg\" alt=\"\" class=\"wp-image-1006\" srcset=\"https:\/\/w3.svv.or.at\/wp-content\/uploads\/2025\/02\/stadtmeisterschaften_ank_2023_1_43-1024x768.jpg 1024w, https:\/\/w3.svv.or.at\/wp-content\/uploads\/2025\/02\/stadtmeisterschaften_ank_2023_1_43-300x225.jpg 300w, https:\/\/w3.svv.or.at\/wp-content\/uploads\/2025\/02\/stadtmeisterschaften_ank_2023_1_43-768x576.jpg 768w, https:\/\/w3.svv.or.at\/wp-content\/uploads\/2025\/02\/stadtmeisterschaften_ank_2023_1_43-1536x1152.jpg 1536w, https:\/\/w3.svv.or.at\/wp-content\/uploads\/2025\/02\/stadtmeisterschaften_ank_2023_1_43-2048x1536.jpg 2048w\" sizes=\"(max-width: 1024px) 100vw, 1024px\" \/><\/figure>\n<\/figure>\n\n\n\n<p>Die <strong>Stadtmeisterschaften<\/strong> im Schwimmen, organisiert vom Schwimmverein V\u00f6cklabruck in Zusammenarbeit mit den Gemeinden V\u00f6cklabruck, Lenzing, Attnang-Puchheim und Gmunden, sind ein j\u00e4hrliches sportliches Highlight in der Region. <\/p>\n\n\n\n<p>Die Wettk\u00e4mpfe werden rollierend an <strong>vier verschiedenen Wettkampfst\u00e4tten<\/strong> ausgetragen und umfassen klassische 25- und 50-Meter-Bewerbe f\u00fcr alle Altersklassen. Besonders spannend sind die <strong>Staffelbewerbe<\/strong>, darunter die beliebte Familienstaffel. <\/p>\n\n\n\n<p>Ein wichtiger Bestandteil der Veranstaltung ist die Integration von <strong>Sportlern mit Beeintr\u00e4chtigungen<\/strong>: Die \u201eBr\u00fccken bauen\u201c Schwimm-Meisterschaften bieten Einzelbewerbe f\u00fcr beeintr\u00e4chtigte Athleten, w\u00e4hrend beim Unified-Staffelbewerb Schwimmer des SV V\u00f6cklabruck gemeinsam mit Sportlern der Lebenshilfe antreten. Diese inklusive Ausrichtung macht die Stadtmeisterschaften zu einem einzigartigen Event, das den Schwimmsport f\u00f6rdert und gleichzeitig soziale Br\u00fccken baut.<\/p>\n\n\n\n<p>Die <strong>Stadtmeisterschaften 2026<\/strong> finden am<strong> 27. Juni 2026<\/strong> im <strong>Hallenbad V\u00f6cklabruck<\/strong> statt.<\/p>\n\n\n\n<div class=\"wp-block-buttons is-layout-flex wp-block-buttons-is-layout-flex\">\n<div class=\"wp-block-button\"><a class=\"wp-block-button__link wp-element-button\" href=\"https:\/\/w3.svv.or.at\/wp-content\/uploads\/2026\/04\/Stadtmeisterschaften_2026_Ausschreibung.pdf\" target=\"_blank\" rel=\"noreferrer noopener nofollow\">Ausschreibung<\/a><\/div>\n\n\n\n<div class=\"wp-block-button\"><a class=\"wp-block-button__link wp-element-button\" href=\"https:\/\/forms.gle\/4zpRWt39qBv88Dp5A\" target=\"_blank\" rel=\"noreferrer noopener nofollow\">Anmeldung Einzel<\/a><\/div>\n\n\n\n<div class=\"wp-block-button\"><a class=\"wp-block-button__link wp-element-button\" href=\"https:\/\/forms.gle\/3aMmFjU7KVZxQjDj8\" target=\"_blank\" rel=\"noreferrer noopener nofollow\">Anmeldung Staffel<\/a><\/div>\n\n\n\n<div class=\"wp-block-button\"><a class=\"wp-block-button__link wp-element-button\">Protokoll<\/a><\/div>\n\n\n\n<div class=\"wp-block-button\"><a class=\"wp-block-button__link wp-element-button\">Fotos<\/a><\/div>\n\n\n\n<div class=\"wp-block-button\"><a class=\"wp-block-button__link wp-element-button\">Pressebericht<\/a><\/div>\n<\/div>\n\n\n\n<p><\/p>\n\n\n\n<hr class=\"wp-block-separator has-alpha-channel-opacity\"\/>\n\n\n\n<p><\/p>\n\n\n\n<p>Die <strong>Stadtmeisterschaften 2025<\/strong> fanden am <strong>22. Juni 2025<\/strong> im <strong>Freibad Attnang-Puchheim (Apumare)<\/strong> statt.<\/p>\n\n\n\n<div class=\"wp-block-buttons is-layout-flex wp-block-buttons-is-layout-flex\">\n<div class=\"wp-block-button\"><a class=\"wp-block-button__link wp-element-button\" href=\"https:\/\/w3.svv.or.at\/wp-content\/uploads\/2025\/05\/Stadtmeisterschaften_2025_Ausschreibung.pdf\" target=\"_blank\" rel=\"noreferrer noopener\">Ausschreibung<\/a><\/div>\n\n\n\n<div class=\"wp-block-button\"><a class=\"wp-block-button__link wp-element-button\" href=\"https:\/\/forms.gle\/4zpRWt39qBv88Dp5A\" target=\"_blank\" rel=\"noreferrer noopener\">Anmeldung Einzel<\/a><\/div>\n\n\n\n<div class=\"wp-block-button\"><a class=\"wp-block-button__link wp-element-button\" href=\"https:\/\/forms.gle\/3aMmFjU7KVZxQjDj8\" target=\"_blank\" rel=\"noreferrer noopener\">Anmeldung Staffel<\/a><\/div>\n\n\n\n<div class=\"wp-block-button\"><a class=\"wp-block-button__link wp-element-button\" href=\"https:\/\/w3.svv.or.at\/wp-content\/uploads\/2025\/06\/Protokoll_Stadtmeisterschaften2025.pdf\" target=\"_blank\" rel=\"noreferrer noopener\">Protokoll<\/a><\/div>\n\n\n\n<div class=\"wp-block-button\"><a class=\"wp-block-button__link wp-element-button\" href=\"https:\/\/photos.app.goo.gl\/RtamboRXAWY5jRpx9\">Fotos <\/a><\/div>\n\n\n\n<div class=\"wp-block-button\"><a class=\"wp-block-button__link wp-element-button\" href=\"https:\/\/w3.svv.or.at\/?p=1206\" target=\"_blank\" rel=\"noreferrer noopener nofollow\">Pressebericht<\/a><\/div>\n<\/div>\n\n\n\n<p><\/p>\n\n\n\n<hr class=\"wp-block-separator has-alpha-channel-opacity\"\/>\n\n\n\n<p><\/p>\n\n\n\n<p>R\u00fcckblick zu den <strong>Stadtmeisterschaften 2024<\/strong> in V\u00f6cklabruck<br>16. Attnanger Stadtmeisterschaften, 44. V\u00f6cklabrucker Stadtmeisterschaften,<br>20. Lenzinger Marktmeisterschaften, 30. Gmundner Stadtmeisterschaften<br>im Schwimmen<\/p>\n\n\n\n<div class=\"wp-block-buttons is-layout-flex wp-block-buttons-is-layout-flex\">\n<div class=\"wp-block-button\"><a class=\"wp-block-button__link wp-element-button\" href=\"https:\/\/w3.svv.or.at\/wp-content\/uploads\/2025\/02\/stadtmeisterschaften2024_ausschreibung.pdf\">Ausschreibung<\/a><\/div>\n\n\n\n<div class=\"wp-block-button\"><a class=\"wp-block-button__link wp-element-button\" href=\"https:\/\/w3.svv.or.at\/wp-content\/uploads\/2025\/02\/Protokoll_Stadtmeisterschaften2024.pdf\">Protokoll<\/a><\/div>\n\n\n\n<div class=\"wp-block-button\"><a class=\"wp-block-button__link wp-element-button\" href=\"https:\/\/photos.app.goo.gl\/6GEajQtYjyGrtandA\">Fotos<\/a><\/div>\n<\/div>\n","protected":false},"excerpt":{"rendered":"<p>Die Stadtmeisterschaften im Schwimmen, organisiert vom Schwimmverein V\u00f6cklabruck in Zusammenarbeit mit den Gemeinden V\u00f6cklabruck, Lenzing, Attnang-Puchheim und Gmunden, sind ein j\u00e4hrliches sportliches Highlight in der Region. Die Wettk\u00e4mpfe werden rollierend an vier verschiedenen Wettkampfst\u00e4tten ausgetragen und umfassen klassische 25- und 50-Meter-Bewerbe f\u00fcr alle Altersklassen. Besonders spannend sind die Staffelbewerbe, darunter die beliebte Familienstaffel. Ein wichtiger [&hellip;]<\/p>\n","protected":false},"author":2,"featured_media":0,"parent":0,"menu_order":0,"comment_status":"closed","ping_status":"closed","template":"","meta":{"footnotes":""},"class_list":["post-676","page","type-page","status-publish","hentry"],"_links":{"self":[{"href":"https:\/\/w3.svv.or.at\/index.php?rest_route=\/wp\/v2\/pages\/676"}],"collection":[{"href":"https:\/\/w3.svv.or.at\/index.php?rest_route=\/wp\/v2\/pages"}],"about":[{"href":"https:\/\/w3.svv.or.at\/index.php?rest_route=\/wp\/v2\/types\/page"}],"author":[{"embeddable":true,"href":"https:\/\/w3.svv.or.at\/index.php?rest_route=\/wp\/v2\/users\/2"}],"replies":[{"embeddable":true,"href":"https:\/\/w3.svv.or.at\/index.php?rest_route=%2Fwp%2Fv2%2Fcomments&post=676"}],"version-history":[{"count":16,"href":"https:\/\/w3.svv.or.at\/index.php?rest_route=\/wp\/v2\/pages\/676\/revisions"}],"predecessor-version":[{"id":1598,"href":"https:\/\/w3.svv.or.at\/index.php?rest_route=\/wp\/v2\/pages\/676\/revisions\/1598"}],"wp:attachment":[{"href":"https:\/\/w3.svv.or.at\/index.php?rest_route=%2Fwp%2Fv2%2Fmedia&parent=676"}],"curies":[{"name":"wp","href":"https:\/\/api.w.org\/{rel}","templated":true}]}}

<figure class="wp-block-gallery has-nested-images columns-default is-cropped wp-block-gallery-1 is-layout-flex wp-block-gallery-is-layout-flex">
<figure class="wp-block-image size-large"><img loading="lazy" decoding="async" width="1024" height="768" data-id="1004" src="https://w3.svv.or.at/wp-content/uploads/2025/02/SM2023_StadtmeisterVB-1024x768.jpg" alt="" class="wp-image-1004" srcset="https://w3.svv.or.at/wp-content/uploads/2025/02/SM2023_StadtmeisterVB-1024x768.jpg 1024w, https://w3.svv.or.at/wp-content/uploads/2025/02/SM2023_StadtmeisterVB-300x225.jpg 300w, https://w3.svv.or.at/wp-content/uploads/2025/02/SM2023_StadtmeisterVB-768x576.jpg 768w, https://w3.svv.or.at/wp-content/uploads/2025/02/SM2023_StadtmeisterVB-1536x1152.jpg 1536w, https://w3.svv.or.at/wp-content/uploads/2025/02/SM2023_StadtmeisterVB.jpg 2000w" sizes="(max-width: 1024px) 100vw, 1024px" /></figure>



<figure class="wp-block-image size-large"><img loading="lazy" decoding="async" width="1024" height="768" data-id="1005" src="https://w3.svv.or.at/wp-content/uploads/2025/02/stadtmeisterschaften_Start-1024x768.jpg" alt="" class="wp-image-1005" srcset="https://w3.svv.or.at/wp-content/uploads/2025/02/stadtmeisterschaften_Start-1024x768.jpg 1024w, https://w3.svv.or.at/wp-content/uploads/2025/02/stadtmeisterschaften_Start-300x225.jpg 300w, https://w3.svv.or.at/wp-content/uploads/2025/02/stadtmeisterschaften_Start-768x576.jpg 768w, https://w3.svv.or.at/wp-content/uploads/2025/02/stadtmeisterschaften_Start-1536x1151.jpg 1536w, https://w3.svv.or.at/wp-content/uploads/2025/02/stadtmeisterschaften_Start.jpg 1889w" sizes="(max-width: 1024px) 100vw, 1024px" /></figure>



<figure class="wp-block-image size-large"><img loading="lazy" decoding="async" width="1024" height="768" data-id="1003" src="https://w3.svv.or.at/wp-content/uploads/2025/02/SM2023_UnifiedStaffel-1024x768.jpg" alt="" class="wp-image-1003" srcset="https://w3.svv.or.at/wp-content/uploads/2025/02/SM2023_UnifiedStaffel-1024x768.jpg 1024w, https://w3.svv.or.at/wp-content/uploads/2025/02/SM2023_UnifiedStaffel-300x225.jpg 300w, https://w3.svv.or.at/wp-content/uploads/2025/02/SM2023_UnifiedStaffel-768x576.jpg 768w, https://w3.svv.or.at/wp-content/uploads/2025/02/SM2023_UnifiedStaffel-1536x1152.jpg 1536w, https://w3.svv.or.at/wp-content/uploads/2025/02/SM2023_UnifiedStaffel.jpg 2000w" sizes="(max-width: 1024px) 100vw, 1024px" /></figure>



<figure class="wp-block-image size-large"><img loading="lazy" decoding="async" width="1024" height="551" data-id="766" src="https://w3.svv.or.at/wp-content/uploads/2025/01/stadtmeisterschaften2024_gruppe-scaled-e1738675928327-1024x551.jpg" alt="" class="wp-image-766" srcset="https://w3.svv.or.at/wp-content/uploads/2025/01/stadtmeisterschaften2024_gruppe-scaled-e1738675928327-1024x551.jpg 1024w, https://w3.svv.or.at/wp-content/uploads/2025/01/stadtmeisterschaften2024_gruppe-scaled-e1738675928327-300x161.jpg 300w, https://w3.svv.or.at/wp-content/uploads/2025/01/stadtmeisterschaften2024_gruppe-scaled-e1738675928327-768x413.jpg 768w, https://w3.svv.or.at/wp-content/uploads/2025/01/stadtmeisterschaften2024_gruppe-scaled-e1738675928327-1536x827.jpg 1536w, https://w3.svv.or.at/wp-content/uploads/2025/01/stadtmeisterschaften2024_gruppe-scaled-e1738675928327-2048x1102.jpg 2048w" sizes="(max-width: 1024px) 100vw, 1024px" /></figure>



<figure class="wp-block-image size-large"><img loading="lazy" decoding="async" width="1024" height="768" data-id="1006" src="https://w3.svv.or.at/wp-content/uploads/2025/02/stadtmeisterschaften_ank_2023_1_43-1024x768.jpg" alt="" class="wp-image-1006" srcset="https://w3.svv.or.at/wp-content/uploads/2025/02/stadtmeisterschaften_ank_2023_1_43-1024x768.jpg 1024w, https://w3.svv.or.at/wp-content/uploads/2025/02/stadtmeisterschaften_ank_2023_1_43-300x225.jpg 300w, https://w3.svv.or.at/wp-content/uploads/2025/02/stadtmeisterschaften_ank_2023_1_43-768x576.jpg 768w, https://w3.svv.or.at/wp-content/uploads/2025/02/stadtmeisterschaften_ank_2023_1_43-1536x1152.jpg 1536w, https://w3.svv.or.at/wp-content/uploads/2025/02/stadtmeisterschaften_ank_2023_1_43-2048x1536.jpg 2048w" sizes="(max-width: 1024px) 100vw, 1024px" /></figure>
</figure>



<p>Die <strong>Stadtmeisterschaften</strong> im Schwimmen, organisiert vom Schwimmverein Vöcklabruck in Zusammenarbeit mit den Gemeinden Vöcklabruck, Lenzing, Attnang-Puchheim und Gmunden, sind ein jährliches sportliches Highlight in der Region. </p>



<p>Die Wettkämpfe werden rollierend an <strong>vier verschiedenen Wettkampfstätten</strong> ausgetragen und umfassen klassische 25- und 50-Meter-Bewerbe für alle Altersklassen. Besonders spannend sind die <strong>Staffelbewerbe</strong>, darunter die beliebte Familienstaffel. </p>



<p>Ein wichtiger Bestandteil der Veranstaltung ist die Integration von <strong>Sportlern mit Beeinträchtigungen</strong>: Die „Brücken bauen“ Schwimm-Meisterschaften bieten Einzelbewerbe für beeinträchtigte Athleten, während beim Unified-Staffelbewerb Schwimmer des SV Vöcklabruck gemeinsam mit Sportlern der Lebenshilfe antreten. Diese inklusive Ausrichtung macht die Stadtmeisterschaften zu einem einzigartigen Event, das den Schwimmsport fördert und gleichzeitig soziale Brücken baut.</p>



<p>Die <strong>Stadtmeisterschaften 2026</strong> finden am<strong> 27. Juni 2026</strong> im <strong>Hallenbad Vöcklabruck</strong> statt.</p>



<div class="wp-block-buttons is-layout-flex wp-block-buttons-is-layout-flex">
<div class="wp-block-button"><a class="wp-block-button__link wp-element-button" href="https://w3.svv.or.at/wp-content/uploads/2026/04/Stadtmeisterschaften_2026_Ausschreibung.pdf" target="_blank" rel="noreferrer noopener nofollow">Ausschreibung</a></div>



<div class="wp-block-button"><a class="wp-block-button__link wp-element-button" href="https://forms.gle/4zpRWt39qBv88Dp5A" target="_blank" rel="noreferrer noopener nofollow">Anmeldung Einzel</a></div>



<div class="wp-block-button"><a class="wp-block-button__link wp-element-button" href="https://forms.gle/3aMmFjU7KVZxQjDj8" target="_blank" rel="noreferrer noopener nofollow">Anmeldung Staffel</a></div>



<div class="wp-block-button"><a class="wp-block-button__link wp-element-button">Protokoll</a></div>



<div class="wp-block-button"><a class="wp-block-button__link wp-element-button">Fotos</a></div>



<div class="wp-block-button"><a class="wp-block-button__link wp-element-button">Pressebericht</a></div>
</div>



<p></p>



<hr class="wp-block-separator has-alpha-channel-opacity"/>



<p></p>



<p>Die <strong>Stadtmeisterschaften 2025</strong> fanden am <strong>22. Juni 2025</strong> im <strong>Freibad Attnang-Puchheim (Apumare)</strong> statt.</p>



<div class="wp-block-buttons is-layout-flex wp-block-buttons-is-layout-flex">
<div class="wp-block-button"><a class="wp-block-button__link wp-element-button" href="https://w3.svv.or.at/wp-content/uploads/2025/05/Stadtmeisterschaften_2025_Ausschreibung.pdf" target="_blank" rel="noreferrer noopener">Ausschreibung</a></div>



<div class="wp-block-button"><a class="wp-block-button__link wp-element-button" href="https://forms.gle/4zpRWt39qBv88Dp5A" target="_blank" rel="noreferrer noopener">Anmeldung Einzel</a></div>



<div class="wp-block-button"><a class="wp-block-button__link wp-element-button" href="https://forms.gle/3aMmFjU7KVZxQjDj8" target="_blank" rel="noreferrer noopener">Anmeldung Staffel</a></div>



<div class="wp-block-button"><a class="wp-block-button__link wp-element-button" href="https://w3.svv.or.at/wp-content/uploads/2025/06/Protokoll_Stadtmeisterschaften2025.pdf" target="_blank" rel="noreferrer noopener">Protokoll</a></div>



<div class="wp-block-button"><a class="wp-block-button__link wp-element-button" href="https://photos.app.goo.gl/RtamboRXAWY5jRpx9">Fotos </a></div>



<div class="wp-block-button"><a class="wp-block-button__link wp-element-button" href="https://w3.svv.or.at/?p=1206" target="_blank" rel="noreferrer noopener nofollow">Pressebericht</a></div>
</div>



<p></p>



<hr class="wp-block-separator has-alpha-channel-opacity"/>



<p></p>



<p>Rückblick zu den <strong>Stadtmeisterschaften 2024</strong> in Vöcklabruck<br>16. Attnanger Stadtmeisterschaften, 44. Vöcklabrucker Stadtmeisterschaften,<br>20. Lenzinger Marktmeisterschaften, 30. Gmundner Stadtmeisterschaften<br>im Schwimmen</p>



<div class="wp-block-buttons is-layout-flex wp-block-buttons-is-layout-flex">
<div class="wp-block-button"><a class="wp-block-button__link wp-element-button" href="https://w3.svv.or.at/wp-content/uploads/2025/02/stadtmeisterschaften2024_ausschreibung.pdf">Ausschreibung</a></div>



<div class="wp-block-button"><a class="wp-block-button__link wp-element-button" href="https://w3.svv.or.at/wp-content/uploads/2025/02/Protokoll_Stadtmeisterschaften2024.pdf">Protokoll</a></div>



<div class="wp-block-button"><a class="wp-block-button__link wp-element-button" href="https://photos.app.goo.gl/6GEajQtYjyGrtandA">Fotos</a></div>
</div>

<p>Die Stadtmeisterschaften im Schwimmen, organisiert vom Schwimmverein Vöcklabruck in Zusammenarbeit mit den Gemeinden Vöcklabruck, Lenzing, Attnang-Puchheim und Gmunden, sind ein jährliches sportliches Highlight in der Region. Die Wettkämpfe werden rollierend an vier verschiedenen Wettkampfstätten ausgetragen und umfassen klassische 25- und 50-Meter-Bewerbe für alle Altersklassen. Besonders spannend sind die Staffelbewerbe, darunter die beliebte Familienstaffel. Ein wichtiger [&hellip;]</p>
