{"id":678,"date":"2024-09-27T07:36:20","date_gmt":"2024-09-27T07:36:20","guid":{"rendered":"http:\/\/w3.svv.or.at\/?page_id=678"},"modified":"2025-02-19T15:45:23","modified_gmt":"2025-02-19T15:45:23","slug":"archiv","status":"publish","type":"page","link":"https:\/\/w3.svv.or.at\/?page_id=678","title":{"rendered":"Archiv"},"content":{"rendered":"\n<p>In 50 Jahren Vereinsgeschichte (1973 bis 2023) haben wir sage und schreibe <strong>119 Bewerbe<\/strong> als Veranstalter durchgef\u00fchrt!<\/p>\n\n\n\n<p><strong>11x <\/strong>gab es<strong> \u00d6sterreichische oder Ober\u00f6sterreichische Titelk\u00e4mpfe <\/strong>unter SVV-Leitung:<\/p>\n\n\n\n<ul class=\"wp-block-list\">\n<li><strong>3x Int. \u00d6 Mastersmeisterschaften <\/strong>(1999, 2005, 2012)<\/li>\n\n\n\n<li><strong>5x O\u00d6 Hallenlandesmeisterschaften <\/strong>(2003, 2007, 2015, 2020, 2023)<\/li>\n\n\n\n<li><strong>1x O\u00d6 Landesmeisterschaften <\/strong>(2021) in Gmunden<\/li>\n\n\n\n<li><strong>2x O\u00d6 Kindermannschaftsmeisterschaften <\/strong>(2004, 2010)<\/li>\n<\/ul>\n\n\n\n<figure class=\"wp-block-pullquote\"><blockquote><p><strong>Brandneu: 2025 wird der SVV in Zusammenarbeit mit dem Gmundner SK 1920 die O\u00d6 Landesmeisterschaften im Gmundner Strandbad durchf\u00fchren!<\/strong><\/p><\/blockquote><\/figure>\n\n\n\n<p><\/p>\n\n\n\n<div class=\"wp-block-columns is-layout-flex wp-container-core-columns-is-layout-1 wp-block-columns-is-layout-flex\">\n<div class=\"wp-block-column is-layout-flow wp-block-column-is-layout-flow\" style=\"flex-basis:66.66%\">\n<p>Auch der <strong>Nachwuchs <\/strong>kam nie zu kurz:<\/p>\n\n\n\n<ul class=\"wp-block-list\">\n<li><strong>5x Kinderschwimmen<\/strong> (2002 \u2013 2006)<\/li>\n\n\n\n<li><strong>10x Bezirksmeisterschaften der Schulen<\/strong> (2006 \u2013 2015)<\/li>\n\n\n\n<li><strong>7x Aquathlon \u201eSwim &amp; Run\u201c<\/strong> (2012 \u2013 2018)<\/li>\n<\/ul>\n<\/div>\n\n\n\n<div class=\"wp-block-column is-layout-flow wp-block-column-is-layout-flow\" style=\"flex-basis:33.33%\">\n<figure class=\"wp-block-image size-full\"><img loading=\"lazy\" decoding=\"async\" width=\"563\" height=\"424\" src=\"https:\/\/w3.svv.or.at\/wp-content\/uploads\/2025\/02\/Nachwuchs.png\" alt=\"\" class=\"wp-image-997\" srcset=\"https:\/\/w3.svv.or.at\/wp-content\/uploads\/2025\/02\/Nachwuchs.png 563w, https:\/\/w3.svv.or.at\/wp-content\/uploads\/2025\/02\/Nachwuchs-300x226.png 300w\" sizes=\"(max-width: 563px) 100vw, 563px\" \/><\/figure>\n<\/div>\n<\/div>\n\n\n\n<div class=\"wp-block-columns is-layout-flex wp-container-core-columns-is-layout-2 wp-block-columns-is-layout-flex\">\n<div class=\"wp-block-column is-layout-flow wp-block-column-is-layout-flow\" style=\"flex-basis:33.33%\">\n<figure class=\"wp-block-image size-full\"><img loading=\"lazy\" decoding=\"async\" width=\"448\" height=\"436\" src=\"https:\/\/w3.svv.or.at\/wp-content\/uploads\/2025\/02\/Twenty4Hours.png\" alt=\"\" class=\"wp-image-996\" srcset=\"https:\/\/w3.svv.or.at\/wp-content\/uploads\/2025\/02\/Twenty4Hours.png 448w, https:\/\/w3.svv.or.at\/wp-content\/uploads\/2025\/02\/Twenty4Hours-300x292.png 300w\" sizes=\"(max-width: 448px) 100vw, 448px\" \/><\/figure>\n<\/div>\n\n\n\n<div class=\"wp-block-column is-layout-flow wp-block-column-is-layout-flow\" style=\"flex-basis:66.66%\">\n<p>  F\u00fcr einen <strong>guten Zweck <\/strong>schwimmt es sich gleich nochmals leichter:<\/p>\n\n\n\n<ul class=\"wp-block-list\">\n<li><strong>1x 24 Stunden Schwimm- und Trommelbewerb \u201eTwenty4Hours\u201c <\/strong>(2009)<br>in Attnang-Puchheim<\/li>\n\n\n\n<li><strong>5x 12 Stunden Schwimmen \u201eSwim &amp; Chill\u201c <\/strong>(2011 \u2013 2014)<br>in Attnang-Puchheim\/V\u00f6cklabruck<\/li>\n\n\n\n<li><strong>1x Special Olympics Nationale Spiele <\/strong>(2018)<br>in V\u00f6cklabruck<\/li>\n<\/ul>\n<\/div>\n<\/div>\n\n\n\n<p><\/p>\n\n\n\n<p><\/p>\n\n\n\n<p><\/p>\n","protected":false},"excerpt":{"rendered":"<p>In 50 Jahren Vereinsgeschichte (1973 bis 2023) haben wir sage und schreibe 119 Bewerbe als Veranstalter durchgef\u00fchrt! 11x gab es \u00d6sterreichische oder Ober\u00f6sterreichische Titelk\u00e4mpfe unter SVV-Leitung: Brandneu: 2025 wird der SVV in Zusammenarbeit mit dem Gmundner SK 1920 die O\u00d6 Landesmeisterschaften im Gmundner Strandbad durchf\u00fchren! Auch der Nachwuchs kam nie zu kurz: F\u00fcr einen guten [&hellip;]<\/p>\n","protected":false},"author":2,"featured_media":0,"parent":0,"menu_order":0,"comment_status":"closed","ping_status":"closed","template":"","meta":{"footnotes":""},"class_list":["post-678","page","type-page","status-publish","hentry"],"_links":{"self":[{"href":"https:\/\/w3.svv.or.at\/index.php?rest_route=\/wp\/v2\/pages\/678"}],"collection":[{"href":"https:\/\/w3.svv.or.at\/index.php?rest_route=\/wp\/v2\/pages"}],"about":[{"href":"https:\/\/w3.svv.or.at\/index.php?rest_route=\/wp\/v2\/types\/page"}],"author":[{"embeddable":true,"href":"https:\/\/w3.svv.or.at\/index.php?rest_route=\/wp\/v2\/users\/2"}],"replies":[{"embeddable":true,"href":"https:\/\/w3.svv.or.at\/index.php?rest_route=%2Fwp%2Fv2%2Fcomments&post=678"}],"version-history":[{"count":4,"href":"https:\/\/w3.svv.or.at\/index.php?rest_route=\/wp\/v2\/pages\/678\/revisions"}],"predecessor-version":[{"id":1000,"href":"https:\/\/w3.svv.or.at\/index.php?rest_route=\/wp\/v2\/pages\/678\/revisions\/1000"}],"wp:attachment":[{"href":"https:\/\/w3.svv.or.at\/index.php?rest_route=%2Fwp%2Fv2%2Fmedia&parent=678"}],"curies":[{"name":"wp","href":"https:\/\/api.w.org\/{rel}","templated":true}]}}